ulate the highest common divisor of k and 5.
1
Let r(u) = -u**3 + 9*u**2 - 10*u + 15. Let o be r(6). Suppose -m - o = 75. Let q be m/(-15) - 5/25. What is the greatest common factor of 90 and q?
9
Suppose -8*m = -13*m + 25. Suppose -3*p - m*t = 25, -p - 25 = -3*p + 5*t. Suppose p = -2*f + 6*f - 76. What is the highest common factor of f and 171?
19
Let u(t) = -2*t + 27. Let g be u(7). What is the greatest common factor of 247 and g?
13
Let k(d) = -9*d - 29. Let n be k(-8). Let t = 83 - n. What is the greatest common factor of t and 5?
5
Let n be 2 + (-3 + 0)*-1. Suppose -p + 595 = n*m + 40, 5*p + 85 = m. What is the greatest common divisor of m and 20?
10
Suppose 3*z + 5*k = -16, -6*z - 3*k = -z. Let b(d) = 3*d**2 + 1. Let l be b(z). What is the greatest common divisor of 70 and l?
14
Let y be (-85)/25 + (-2)/(-5). Let v be 10/3*y/(-2). Calculate the greatest common factor of v and 20.
5
Suppose -7*k + 128 = -5*k. Let r(s) = s**2 + 2*s + 1. Suppose 9 = 5*x - 2*x. Let f be r(x). What is the greatest common factor of f and k?
16
Let p = -10 - -16. Suppose 5*n = -5*z + 2*n + 123, -2*z = -5*n - 43. Calculate the highest common divisor of p and z.
6
Let n = -551 - -591. What is the highest common divisor of 620 and n?
20
Suppose -122 = 4*r - 9298. What is the highest common factor of 62 and r?
62
Suppose -41 - 42 = s. Let k = 96 + s. Calculate the greatest common divisor of k and 13.
13
Let w(n) = 2*n - 142. Let f be w(0). Let a be f/(-8) + (-2)/(-8). Let i = -66 + 192. Calculate the highest common divisor of a and i.
18
Let b(d) = -d**2 - 8*d + 2. Let i be b(-10). Let w = i - -28. Let a(n) = -27*n - 1. Let r be a(-3). What is the highest common factor of w and r?
10
Suppose 0 = -3*b + 9 + 45. Suppose -6*i = -93 - 51. What is the greatest common divisor of i and b?
6
Suppose 2 = 2*s, -6*s + 34 = 3*i - 2*s. Let o be -2*4*(-45)/i. Calculate the greatest common factor of 48 and o.
12
Let o(g) = 40*g - 8. Let c be o(1). Calculate the highest common factor of 8 and c.
8
Let s be (28/(-5))/(2 + 132/(-55)). What is the highest common divisor of 224 and s?
14
Suppose 500 = 1625*t - 1620*t. Calculate the greatest common divisor of 425 and t.
25
Let u be (-186)/9 - (-6)/9. Let k = 21 + u. What is the highest common factor of k and 3?
1
Let g = -11 + 9. Let y be g/12 + (-2057)/(-102). What is the greatest common divisor of y and 80?
20
Let f be ((-2)/(-8) - 6545/(-44)) + 1. Calculate the highest common factor of f and 12.
6
Let u be 54 - -1*(2 + -1). Let m = 62 - 60. Let d be (-10)/((-3 - m) + 3). Calculate the highest common factor of d and u.
5
Let f(n) = n**3 - 15*n**2 - 15*n - 14. Let m be f(16). Let t be (-15)/10*m - -32. Calculate the greatest common factor of 116 and t.
29
Suppose 2*g - 6*g = -3*x + 92, 0 = 3*x + 2*g - 62. What is the greatest common divisor of x and 120?
24
Let t(q) be the first derivative of 13*q**2/2 + 8*q + 28. Let m be t(7). What is the highest common factor of 9 and m?
9
Suppose -21 = -k + 3*y, 0 = k + 84*y - 79*y + 11. Calculate the greatest common divisor of k and 459.
9
Let b = 21 - 30. Let i be -1 - (-3)/(b/(-96)). Let j = -89 + 120. What is the greatest common factor of j and i?
31
Let n = -270 + 279. What is the highest common divisor of n and 24?
3
Let n(l) = -l**2 - 6*l + 8. Let f be n(-7). Let o be (-68)/(-12)*33*f. Suppose 0 = 5993*w - 6010*w + 289. What is the greatest common divisor of w and o?
17
Let v be (-139)/(-6) - (-11)/(-66). Suppose -v*a + 29*a = 1260. What is the highest common divisor of 30 and a?
30
Let w = 1351 - 1312. What is the highest common factor of 3 and w?
3
Suppose x + 4*a - 48 = 64, -2*a = -x + 124. Calculate the highest common divisor of 660 and x.
60
Suppose 4 = 7*c + 32. Let z = c - -17. What is the highest common divisor of z and 13?
13
Suppose -y + 8 = 4. Suppose 5*i + 3*f - 72 = 5*f, y*i - 53 = -3*f. What is the highest common factor of 7 and i?
7
Let y(x) = x**3 - 33*x**2 + 142*x + 26. Let q be y(28). Calculate the highest common divisor of 82 and q.
82
Suppose -3*j = 10*x - 8*x - 49, -j + 56 = 3*x. Suppose -16*l + x*l = 40. Calculate the highest common divisor of 140 and l.
20
Let k = 603 + -187. What is the highest common divisor of 128 and k?
32
Let g = -385 - -1041. Calculate the greatest common divisor of 16 and g.
16
Let w = 94 - 50. Suppose 5*o + 4*d = 16 + 16, 24 = 3*o + 4*d. What is the highest common factor of o and w?
4
Let f be 7/(-49) + (-22)/(-7). Let z(n) = 2*n**2 - 2. Let t be z(f). Let u be (-3)/4 + 1116/t. What is the greatest common factor of 46 and u?
23
Let d = 633 + -292. What is the highest common factor of d and 31?
31
Suppose 0 = z - 3*n - 31, -n - 141 = -2*z - 3*z. Calculate the greatest common factor of 98 and z.
14
Let m(v) = 4*v**2 + 4*v - 1. Let o be m(-4). Suppose -2*d - 2*h + 40 = 0, -o = -3*d - h + 9. Calculate the highest common factor of d and 180.
18
Let t be ((-3)/2)/((-6)/96). Calculate the highest common divisor of t and 456.
24
Let d = -161 + 176. Let v = 323 - 68. Calculate the highest common factor of v and d.
15
Suppose 100 = 2*q + 3*q. Let o = 98 - 63. Suppose 6*j - 4*i - 13 = j, 5*i - o = -4*j. Calculate the highest common divisor of q and j.
5
Let t be (7/(7/18))/2. Suppose 0 = t*w - 3*w - 180. What is the highest common divisor of w and 75?
15
Let p(q) = -3*q**2 + 2. Let l be p(-2). Let k = l + 15. Suppose 0*x - f - 55 = -k*x, -65 = -5*x - f. What is the highest common divisor of x and 18?
6
Let u = -154 - -154. Suppose -2*z - 6*z + 256 = u. Calculate the greatest common divisor of z and 12.
4
Let x(u) = 4*u**2 - 3*u + 5. Let g be x(-4). Suppose 5*o - g = 2*o. Suppose -6*q = 21*q - 2187. What is the greatest common divisor of o and q?
27
Let m = -7 + 10. Suppose m*l - 6*l = 0. Suppose y - 62 = -5*d - l*y, d - 20 = -4*y. What is the highest common divisor of 48 and d?
12
Let w(a) = 11*a + 5. Let p be w(-4). Let q = -21 - p. What is the greatest common factor of q and 72?
18
Suppose 0 = -163*f + 166*f - 90. Suppose 0 = 12*o - 13*o + f. Calculate the greatest common factor of 40 and o.
10
Let y be -7 + 12 - (-1 - -2). What is the highest common divisor of 96 and y?
4
Let b(d) = d**3 - 16*d**2 + 5*d - 68. Let c be b(16). Let x be -2*1/((-3)/234). What is the highest common factor of x and c?
12
Let g be ((-14)/5)/(1 + 21/(-20)). Calculate the greatest common divisor of 448 and g.
56
Let i = -687 + 688. Calculate the greatest common factor of 160 and i.
1
Let d be 0 + 2/((-4)/(-658)) - -4. Calculate the highest common factor of 72 and d.
9
Suppose 5*t = -15, 4*t - 142 - 52 = -2*b. Suppose 33 = 2*m - 3*s - 38, b = 3*m - s. Calculate the highest common factor of 34 and m.
34
Suppose -2*p - 3*p = 275. Let z be p*8/30*-6. Calculate the greatest common factor of z and 11.
11
Let a = 638 - -628. Let i be 1*4/(-14) + a/21. What is the greatest common factor of i and 150?
30
Let o(k) = k + 32. Let p be o(-24). Suppose a - 1 = 2*m, 0*a - 5*a + 5*m + 5 = 0. Calculate the highest common divisor of a and p.
1
Suppose 4*v + 146 = -5*u + 509, 6 = -2*v. What is the greatest common divisor of u and 3675?
75
Let i(r) be the second derivative of -1/20*r**5 - 1/2*r**3 - 3*r - 1/6*r**4 + 0 + 3*r**2. Let g be i(-6). Calculate the highest common factor of 21 and g.
21
Let k = -45 - -51. Suppose 0 = -r + k*r - 5, -4*r = -3*t + 11. What is the highest common factor of 1 and t?
1
Suppose -4*z = -3*z - 1. Calculate the highest common factor of z and 7.
1
Let f(n) = 2*n**2 - 2*n. Let l be f(2). Suppose 2*o = g + 34, l*o = -g - 2*g + 78. Calculate the highest common factor of 9 and o.
9
Let z = 1157 - 952. Calculate the highest common factor of 35 and z.
5
Suppose -z = -3*z + 2*o + 86, -5*z - 3*o = -223. Suppose s - z = 46. Let c(y) = y + 36. Let m be c(0). What is the greatest common factor of m and s?
18
Suppose -5*v = -4*v - 845. Suppose -3*h + 2*t = 2*h - v, -3*h + t = -508. Let l be 2/(-3) + (-118)/(-6). Calculate the highest common divisor of l and h.
19
Suppose -3*w + 49 = -104. Suppose 3*p - w = 3*j, -5*j + 33 = p - 10*j. Let b be -52*22*2/(-16). Calculate the greatest common divisor of b and p.
13
Suppose 10*h - 3 = 27. What is the highest common divisor of h and 3?
3
Let h be (11 - 51072/(-36)) + 4/3. Calculate the highest common divisor of 9 and h.
9
Suppose 6